e -2*n + 3*n - 59 = w. What is the tens digit of n?
5
What is the tens digit of -6 - -11 - (-884 - 0 - -1)?
8
Suppose 4*x - 621 = -5*x. Let r = x - -8. What is the tens digit of r?
7
Suppose -2*k = -0*y + y + 5, 2*k = 5*y + 25. Suppose k = -4*p + 20 - 4. Suppose -2*w - 2 = z - 1, 5 = p*z - w. What is the units digit of z?
1
Let n = 837 + -626. What is the tens digit of n?
1
Let x(c) = 3*c**2 - 46*c + 53. What is the tens digit of x(15)?
3
Let w be (20/(-6))/(40/15 + -2). What is the units digit of w/30 + 831/18?
6
Suppose -51406 = -83*i + 193693. What is the units digit of i?
3
Let w(l) = -l**3 + 2*l**2 + 3*l + 2. Let t be w(3). Suppose 4*q + 5 = 5*o, -2*q - 2*o - t*o - 22 = 0. What is the units digit of (12*q)/(-3)*1?
0
Let g = 8 - -3. Let h = g - -18. What is the units digit of h?
9
Let w = 2323 + -1129. What is the thousands digit of w?
1
Suppose -5*j = -2*j - 3. Suppose o - j = 4. Suppose -3*y + 58 = o*c - 64, 4*c - 84 = y. What is the tens digit of c?
2
Suppose 5*t + 3*g = -617, -2*g - 182 - 189 = 3*t. Let b = 310 + t. Let p = b - 135. What is the units digit of p?
4
Let f(h) be the first derivative of 13*h**3/6 - 5*h**2/2 - 2*h + 5. Let s(n) be the first derivative of f(n). What is the units digit of s(3)?
4
What is the units digit of (-139)/2502 - (-50545)/18?
8
Let i(x) = x**2 - 6*x + 1. Let a be i(7). Let u = 13 - a. Suppose -u*q - 3*j + 41 = 0, q + j + 33 = 6*q. What is the units digit of q?
7
Suppose 51 = 6*p + 327. Let f = p + 108. What is the tens digit of f?
6
Let x(z) = 5*z + 35. Let v be x(-7). What is the units digit of v/1 - (-82 + (-9)/3)?
5
Let h = 20 + -15. Suppose 0 = -h*f + 372 + 78. What is the tens digit of f?
9
Let w be 1/5 - (1 - (-28)/(-10)). Suppose -w*p = p - 147. What is the tens digit of p?
4
Let b(x) = x**2 + x + 34. Suppose s + r = -0*r - 10, 5*s + 3*r + 52 = 0. What is the units digit of b(s)?
4
Suppose 0*g + l + 3922 = 2*g, 7840 = 4*g - l. What is the tens digit of g?
5
Let a(x) = x**2 + 3*x + 1. Suppose -3*g - 3*h = -8*h - 82, -h = 5*g - 90. Suppose 0 = 2*l - 3*d - 9, 3*l + 3*d + g = -5. What is the units digit of a(l)?
1
Suppose 5*i = -2*a - 32, 2*i - 6*i - 4*a - 16 = 0. Let b be i/12 + 164/3. Suppose -b = -x - x. What is the tens digit of x?
2
Let b = 5209 - 3253. What is the hundreds digit of b?
9
Let r(w) = 2*w**2 + 16*w + 28. What is the hundreds digit of r(-16)?
2
Let w(t) = -3*t + 7. Let s(i) = 2*i - 3. Let n(x) = 10*s(x) + 6*w(x). Let r be n(-5). Suppose -4*m - 12 = -4*f + m, r*m = 3*f - 9. What is the units digit of f?
3
Let k(x) = -x**2 + x + 1. Let n be k(1). What is the units digit of (5/n)/(1/17)?
5
Let d = 268 - -851. What is the thousands digit of d?
1
Let i be (3/2 + 2)/((-10)/(-120)). What is the tens digit of (-6)/(-14) - ((-8868)/i)/2?
0
Suppose 8 + 1 = -s. Let r = s - -9. Suppose 0 = 4*i + 4, -94 + r = -5*y + 4*i. What is the tens digit of y?
1
Let x(g) = -28*g - 2. Let j be x(-6). Suppose 0 = 5*k - j - 174. What is the tens digit of k?
6
Let o = -43 + 80. What is the tens digit of o?
3
Let h be (104/20 + -6)*5/2. What is the tens digit of h + 0 + (93 - -2)?
9
Let h(g) = -7*g**2 + 10*g - 11. Let q be h(-7). Let y = -278 - q. What is the units digit of y?
6
Let i(s) = -13*s + 62. What is the tens digit of i(4)?
1
What is the hundreds digit of 17256/15 - 39/(-65)?
1
Let w = 442 + -231. Suppose -5*n + w = -284. What is the tens digit of n?
9
Suppose 4*w - 4*n - 88 = 0, -5*w + 2*n = 6*n - 83. Suppose -w = 5*y - 239. What is the units digit of y?
4
Let b be -8 + 8 + (-1 - -49). Suppose 4*c = -3*q + 117, -5*q + b = -3*c + 172. Suppose 4*w = -c + 113. What is the tens digit of w?
2
Let g(q) = -96 + 4*q + 159 + 5*q. What is the units digit of g(7)?
6
Let y(b) = 2*b - 15. Let c be y(9). Suppose -c*n - 5*d = -8*n + 825, 4*d + 180 = n. What is the units digit of n?
0
Let x be (-110)/25 + 4 - 423/5. Suppose -2*s - 84 = -6. Let z = s - x. What is the units digit of z?
6
What is the units digit of 24*((-560)/(-24) + 2)?
8
Let c be (85/(-5) - 4) + 1. What is the tens digit of ((-285)/c)/(12/64)?
7
Let t(q) = 17*q**2 - 6*q + 5. Let l(s) be the second derivative of s**4/12 - s**3/6 + s**2/2 - 10*s. Let c(j) = -5*l(j) + t(j). What is the tens digit of c(1)?
1
Let d(z) = -48*z**3 + 3*z**2 + 4*z + 6. What is the tens digit of d(-2)?
9
Let p(r) = r**3. Let h be p(0). Suppose h = 5*l - 8*l + 210. What is the units digit of l?
0
What is the hundreds digit of 2/18 - 22904/(-9)?
5
Let s = -24 + 34. Let q = s - 7. Suppose -5*n - 71 = -q*r - 3*n, -5*r + 4*n = -119. What is the units digit of r?
3
Let c(l) = -4*l + 1. Let x be c(-1). Let t be 9/(-15) + 438/x. Suppose -b = 4*b + 2*q - 81, q = 5*b - t. What is the units digit of b?
7
Suppose -4*n = -12, 5*n + 1 = 3*i + 10. Let b be (37/3 + i)*3. Suppose 5*x = 158 - b. What is the units digit of x?
3
Suppose 0 = -7*w + 12*w - 980. Suppose -2*v = 2*v - w. What is the tens digit of v?
4
Let t be (-348)/12 + 0 + 2. Let j be -3*12/t*-18. What is the units digit of 18/4 + (-12)/j?
5
Let z(r) = 0 - 4 + r - 1. Let y be z(3). What is the units digit of (-1 - 0)/(y/10)?
5
Let d be (-423)/33 - 2/11. Let s = d + 12. What is the tens digit of 20 + 2 + s + 4?
2
Suppose 2*y - 2*q + 6*q - 20 = 0, -y + 12 = 3*q. Suppose -4*b + 2 + y = 0. Suppose -3*i - a + 54 = b*i, i - 2*a = 13. What is the units digit of i?
1
Let v be 7 - ((-3 - -8) + -3). Suppose -5*o + 0*b + 3*b - 2 = 0, -v*o = -4*b + 6. Suppose 3*s + o*j = 12 + 1, -4*j - 51 = -5*s. What is the units digit of s?
7
Suppose c + 0*r = -3*r + 251, 2*c - 505 = -5*r. Suppose -4*d + 0*d = -c. What is the units digit of d?
5
Let v be (-6)/2*-1 - 1. Suppose v*y - 49 = 7. What is the tens digit of y?
2
Let f = 25 - 32. Let t(x) = x**3 + 8*x**2 - 4*x + 16. What is the tens digit of t(f)?
9
Let l(m) = -m**2 - 109*m + 12. What is the hundreds digit of l(-7)?
7
Let d be -6 + 2 + (-5 - -9). Suppose d = 3*x + 67 - 241. What is the tens digit of x?
5
Let q be (-4 + 3)*(1 + -1). Suppose q = 4*c - 145 - 171. What is the units digit of c?
9
Let x = -6 - -12. Suppose 0 = -4*y - 5*k + 22, -x = -4*y + k + 2*k. What is the units digit of -9*((-11)/y + 1)?
4
Let x(o) = -o**2 + 8*o + 5. Let i(b) = -b**3 + 10 - 4*b**2 - b**2 - 4 - b**2. Let j be i(-6). What is the units digit of x(j)?
7
Let a be 12/(-8)*-1*2 + 8. Let n = 48 - a. What is the tens digit of n?
3
Suppose 59 + 22 = k - 2*v, -k + 85 = 2*v. What is the units digit of k?
3
Let t(d) = 2*d**2 - 15*d + 7. Let n be t(7). Suppose n*z = 2*z - 66. What is the units digit of z?
3
Suppose -5*z + 5*r = -40, -8*z - 2*r = -13*z + 25. Suppose 4*d + 6*p - 809 = z*p, -3*d - 3*p + 603 = 0. What is the tens digit of d?
0
Let q be 140/42 + (-2)/(-3). Let v(r) = r - 8. Let s be v(6). What is the tens digit of s*q/(32/(-156))?
3
Suppose -7*a - 9 = -37. What is the units digit of (-6)/9*(-189)/12*a?
2
Let d be (-11 - -6)*231/(-5). Suppose 2*x + x = 0, -3*x - d = -3*i. What is the tens digit of i?
7
Let z = -3321 + 6307. What is the thousands digit of z?
2
Let i(v) be the second derivative of v**3 - 9*v**2/2 + 11*v. What is the units digit of i(9)?
5
Let o(r) = -4*r - r - 15 + 4*r + 3*r. Let u be o(9). Suppose -5*a - u*j + 115 = 0, j + 90 = 5*a - j. What is the units digit of a?
0
Let j be (12/(-28))/(3/(-21)). Suppose 76 + 374 = j*w. What is the tens digit of w?
5
Suppose 5*d - 10 = 3*d - b, 3*b - 9 = d. Suppose i = d*i - 6. Suppose 2*t + 6 - 14 = i*q, 2*q = -5*t + 39. What is the units digit of t?
7
Let l be ((-16)/36)/(3/(27/(-2))). What is the units digit of 4 + 0 + 105 - l?
7
Let j = 291 + 859. What is the hundreds digit of j?
1
Suppose 0 = 4*o - 0*o + 680. Let n = o + 261. What is the units digit of n?
1
Suppose 4*v = -3*b + 1539, -2*b + v + 486 = -540. What is the tens digit of b?
1
Let j = -3 - -5. Let q be (1/2)/(j/(-140)). Let p = q - -68. What is the units digit of p?
3
Let t = 6 - 1. Suppose -3*v + 93 = 5*m - 0*v, t*v - 5 = 0. What is the units digit of m?
8
Suppose -3*f = 5*g - 10997, -6*g + 10*g = -4*f + 14660. What is the hundreds digit of f?
6
Suppose -38 = 2*c - 2*l, -50 = 5*c + 7*l - 3*l. Suppose -3*v + 2*k - 113 = 0, v + 4*v = 2*k - 187. Let r = c - v. What is the tens digit of r?
2
Let h(k) = 14*k**2 + k + 3. Let o be h(-3). Suppose -o + 42 = 4*b. Let q = 41 + b. What is the tens digit of q?
2
